{"version":"1.0","provider_name":"Divatlasz","provider_url":"https:\/\/divatlasz.cafeblog.hu","author_name":"Divatlasz","author_url":"https:\/\/divatlasz.cafeblog.hu\/author\/ke\/","title":"Sz\u0151rment\u00e9n","html":"<h1>Selymesen sima l\u00e1bak a <a href=\"https:\/\/divatlasz.cafeblog.hu\/2016\/03\/28\/szoknya-szemle\/\" target=\"_blank\">szoknya szezonra<\/a><\/h1>\r\n<p>Itt az ideje, hogy megv\u00e1lj t\u00e9li bund\u00e1dt\u00f3l, \u00e9s sz\u00e9p sima, b\u00e1rsonyos l\u00e1bakat var\u00e1zsolj magadnak a szoknya szezonra. Eddig belef\u00e9rt, hogy nem kelt\u00e9l fel 15 perccel kor\u00e1bban, csak hogy leborotv\u00e1ld virg\u00e1csaidat. Azt\u00e1n eg\u00e9sz nap b\u00e1nhattad, hogy sz\u00far a farmer alatt. Ugye, hogy ismered az \u00e9rz\u00e9st? Sokf\u00e9le lehet\u0151s\u00e9g k\u00f6z\u00fcl v\u00e1laszthatsz, hogy megszabadulj a nemk\u00edv\u00e1natos sz\u0151rsz\u00e1lakt\u00f3l.<\/p>\r\n[caption id=\"attachment_212\" align=\"alignleft\" width=\"147\"]<a href=\"https:\/\/divatlasz.cafeblog.hu\/files\/2016\/03\/16-b\u0151rszerkezet-Dreamstime.jpg\"><img class=\"size-full wp-image-212\" src=\"https:\/\/divatlasz.cafeblog.hu\/files\/2016\/03\/16-b\u0151rszerkezet-Dreamstime.jpg\" alt=\"Dreamstime\" width=\"147\" height=\"120\" \/><\/a> Dreamstime[\/caption]\r\n<p>De mi is a sz\u0151r? A sz\u0151r alkot\u00f3ja a keratin, egy szil\u00e1rd feh\u00e9rje, mely a k\u00f6r\u00f6mben is megtal\u00e1lhat\u00f3. A b\u0151rben tal\u00e1lhat\u00f3 apr\u00f3 cs\u00f6vecsk\u00e9kb\u0151l, a sz\u0151rt\u00fcsz\u0151kben tal\u00e1lhat\u00f3 hajhagym\u00e1kb\u00f3l n\u0151. Elt\u00e1vol\u00edt\u00e1s\u00e1ra alapvet\u0151en k\u00e9tf\u00e9le m\u00f3dszer l\u00e9tezik: az egyik csak a b\u0151r felsz\u00edn\u00e9r\u0151l t\u00e1vol\u00edtja el a sz\u0151rsz\u00e1lakat (ilyen a borotv\u00e1l\u00e1s \u00e9s a sz\u0151rtelen\u00edt\u0151 kr\u00e9mek), a m\u00e1sik a b\u0151rb\u0151l is elt\u00e1vol\u00edtja a sz\u0151r teljes hossz\u00e1t (gyant\u00e1z\u00e1s, epil\u00e1l\u00e1s, l\u00e9zeres, vagy villan\u00f3f\u00e9nyes #sz\u0151rtelen\u00edt\u00e9s\u2013 ezek tart\u00f3sabb eredm\u00e9nyt biztos\u00edtanak). Az eredm\u00e9ny tart\u00f3ss\u00e1ga ezeken t\u00fal a genetik\u00e1n m\u00falik. Adok n\u00e9h\u00e1ny tippet, hogy elker\u00fcld a piros p\u00f6tty\u00f6ket \u00e9s ben\u0151tt sz\u0151rsz\u00e1lakat:<\/p>\r\n<h2>\u00a0<\/h2>\r\n<h2>Borotv\u00e1l\u00e1s<\/h2>\r\n[caption id=\"attachment_207\" align=\"alignright\" width=\"150\"]<a href=\"https:\/\/divatlasz.cafeblog.hu\/files\/2016\/03\/17-borotva-Dreamstime.jpg\"><img class=\"size-thumbnail wp-image-207\" src=\"https:\/\/divatlasz.cafeblog.hu\/files\/2016\/03\/17-borotva-Dreamstime-150x150.jpg\" alt=\"Dreamstime\" width=\"150\" height=\"150\" \/><\/a> Dreamstime[\/caption]\r\n<p>V\u00e1laszthatsz hagyom\u00e1nyos, vagy elektromos borotv\u00e1k k\u00f6z\u00fcl. Az csak v\u00e1rosi legenda, hogy a borotv\u00e1l\u00e1s hat\u00e1s\u00e1ra er\u0151sebb sz\u0151rsz\u00e1l n\u0151 vissza, csak a v\u00e1g\u00e1si fel\u00fclet \u00e9less\u00e9ge miatt sz\u00far.<\/p>\r\n<p><strong>TIPP<\/strong>: El\u0151tte zuhanyozz le meleg v\u00edzzel, legfeljebb 5 percig, hogy b\u0151r\u00f6d ne \u00e1zzon r\u00e1ncosra. Haszn\u00e1lj hidrat\u00e1l\u00f3 borotv\u00e1lkoz\u00f3 kr\u00e9met. Ha elfogyott, ink\u00e1bb a hajbalzsamhoz ny\u00falj, mint a tusf\u00fcrd\u0151h\u00f6z, mert az sz\u00e1r\u00edthatja az ig\u00e9nybevett b\u0151rt. A sz\u0151r n\u00f6veked\u00e9s\u00e9vel <em>megegyez\u0151 <\/em>ir\u00e1nyba h\u00fazd a borotv\u00e1t, \u00e9s ne fesz\u00edtsd meg a b\u0151rt a kezeddel. A borotv\u00e1l\u00e1s napj\u00e1n ker\u00fcld az uszod\u00e1t, a szaun\u00e1t, az edz\u0151termet \u00e9s a napoz\u00e1st. Legyen saj\u00e1t borotv\u00e1d, amit csak \u00e9s kiz\u00e1r\u00f3lag Te haszn\u00e1lsz \u00e9s cser\u00e9ld k\u00f6r\u00fclbel\u00fcl 10 haszn\u00e1lat ut\u00e1n, lehet\u0151leg 4 vagy 5 peng\u00e9sre.<\/p>\r\n<h2>\u00a0<\/h2>\r\n<h2>Sz\u0151rtelen\u00edt\u0151 kr\u00e9mek<\/h2>\r\n[caption id=\"attachment_210\" align=\"alignleft\" width=\"150\"]<a href=\"https:\/\/divatlasz.cafeblog.hu\/files\/2016\/03\/17-kr\u00e9m-Dreamstime.jpg\"><img class=\"size-thumbnail wp-image-210\" src=\"https:\/\/divatlasz.cafeblog.hu\/files\/2016\/03\/17-kr\u00e9m-Dreamstime-150x150.jpg\" alt=\"Dreamstime\" width=\"150\" height=\"150\" \/><\/a> Dreamstime[\/caption]\r\n<p>Valamivel hosszabb hat\u00e1s\u00fa, mivel a sz\u0151rt egy picivel a b\u0151r alatt is feloldja, tov\u00e1bb\u00e1 nem k\u00e9pez \u00e9les v\u00e1g\u00e1si fel\u00fcletet, \u00edgy kev\u00e9sb\u00e9 sz\u00far\u00f3san n\u0151 vissza.<\/p>\r\n<p><strong>TIPP<\/strong>: Irrit\u00e1ci\u00f3t okozhat, teszteld egy kis b\u0151rfel\u00fcleten haszn\u00e1lat el\u0151tt. A borotv\u00e1l\u00e1st\u00f3l sz\u00e1m\u00edtott 3 napon bel\u00fcl ne haszn\u00e1ld. Csak az el\u0151\u00edrt ideig hagyd a b\u0151r\u00f6d\u00f6n.<\/p>\r\n<h2>\u00a0<\/h2>\r\n<h2>\u00a0<\/h2>\r\n<h2>\u00a0<\/h2>\r\n<h2>#Gyant\u00e1z\u00e1s<\/h2>\r\n[caption id=\"attachment_209\" align=\"alignright\" width=\"150\"]<a href=\"https:\/\/divatlasz.cafeblog.hu\/files\/2016\/03\/17-gyanta-Dreamstime.jpg\"><img class=\"size-thumbnail wp-image-209\" src=\"https:\/\/divatlasz.cafeblog.hu\/files\/2016\/03\/17-gyanta-Dreamstime-150x150.jpg\" alt=\"dreamstime\" width=\"150\" height=\"150\" \/><\/a> dreamstime[\/caption]\r\n<p>Haszn\u00e1lhatsz hideg gyantacs\u00edkot, meleggyant\u00e1z\u00f3 k\u00e9szletet, vagy b\u00edzhatod kozmetikusra.<\/p>\r\n<p><strong>TIPP<\/strong>: Gyant\u00e1z\u00e1shoz legal\u00e1bb f\u00e9l centim\u00e9teres sz\u0151r kell. Ha el\u0151tte b\u0151rrad\u00edrt haszn\u00e1lsz, kisebb es\u00e9llyel n\u0151nek be a sz\u0151rsz\u00e1lak. A gyant\u00e1z\u00e1s els\u0151 l\u00e9p\u00e9sek\u00e9nt hint\u0151porozd be a l\u00e1bad, hogy a gyanta ne a b\u0151r\u00f6dh\u00f6z ragadjon, gyant\u00e1z\u00e1s ut\u00e1n pedig haszn\u00e1lj ol\u00edva olajat, mert ez hidrat\u00e1lja \u00e9s nyugtatja a b\u0151r\u00f6d, \u00e9s seg\u00edt elt\u00e1vol\u00edtani a ragacsos gyantap\u00f6tty\u00f6ket. Rendszeres haszn\u00e1lat\u00e1hoz hozz\u00e1szokik a b\u0151r, id\u0151vel kev\u00e9sb\u00e9 fog begyulladni. A b\u0151r al\u00e1 n\u0151tt sz\u0151rsz\u00e1lakat szedd ki szem\u00f6ld\u00f6kcsipesszel.<\/p>\r\n<h2>\u00a0<\/h2>\r\n<h2>#Epil\u00e1l\u00e1s<\/h2>\r\n[caption id=\"attachment_208\" align=\"alignleft\" width=\"150\"]<a href=\"https:\/\/divatlasz.cafeblog.hu\/files\/2016\/03\/17-epil\u00e1tor-Dreamstime.jpg\"><img class=\"size-thumbnail wp-image-208\" src=\"https:\/\/divatlasz.cafeblog.hu\/files\/2016\/03\/17-epil\u00e1tor-Dreamstime-150x150.jpg\" alt=\"Dreamstime\" width=\"150\" height=\"150\" \/><\/a> Dreamstime[\/caption]\r\n<p>Az epil\u00e1tort haszn\u00e1lhatod otthon, de k\u00f6nnyen magaddal viheted utaz\u00e1skor is. A gy\u00e1rt\u00f3k k\u00edn\u00e1lnak m\u00e1r sz\u00e1raz \u00e9s nedves b\u0151rre haszn\u00e1lhat\u00f3t, massz\u00edroz\u00f3sat, h\u0171s\u00edt\u0151 funkci\u00f3val ell\u00e1tottat \u00e9s t\u00f6bb sebess\u00e9gfokozat\u00fat. B\u00e1r t\u00f6bb id\u0151t vesz ig\u00e9nybe, mint a gyant\u00e1z\u00e1s, de m\u00e1r a b\u0151r al\u00f3l \u00e9ppen csak kib\u00fajt sz\u0151rsz\u00e1lakat is elkapja.<\/p>\r\n<p><strong>TIPP<\/strong>: a b\u0151r\u00f6d legyen teljesen sz\u00e1raz \u00e9s zs\u00edrmentes. A sz\u0151r n\u00f6veked\u00e9s\u00e9vel ellent\u00e9tes ir\u00e1nyban dolgozz, \u00edgy ragadhatod meg a legr\u00f6videbb sz\u0151rsz\u00e1lakat is. El\u0151tte haszn\u00e1lj b\u0151rrad\u00edrt, a test\u00e1pol\u00f3val viszont v\u00e1rj, m\u00edg megnyugszik a b\u0151r\u00f6d. Ink\u00e1bb est\u00e9re id\u0151z\u00edtsd.<\/p>\r\n<h2>\u00a0<\/h2>\r\n<h2>Tart\u00f3s sz\u0151rtelen\u00edt\u00e9s<\/h2>\r\n[caption id=\"attachment_211\" align=\"alignright\" width=\"150\"]<a href=\"https:\/\/divatlasz.cafeblog.hu\/files\/2016\/03\/17-l\u00e9zer-Dreamstime.jpg\"><img class=\"size-thumbnail wp-image-211\" src=\"https:\/\/divatlasz.cafeblog.hu\/files\/2016\/03\/17-l\u00e9zer-Dreamstime-150x150.jpg\" alt=\"Dreamstime\" width=\"150\" height=\"150\" \/><\/a> Dreamstime[\/caption]\r\n<p>A villan\u00f3f\u00e9nyes (#IPL) \u00e9s a #l\u00e9zeres sz\u0151rtelen\u00edt\u00e9si m\u00f3dokkal tart\u00f3san elpuszt\u00edthat\u00f3ak a sz\u0151rt\u00fcsz\u0151k \u2013 azaz \u00f6r\u00f6kre elfelejtheted \u201ea mivel is sz\u0151rtelen\u00edtsek\u201d dilemm\u00e1j\u00e1t. H\u00e1tr\u00e1nya az \u00e1ra \u2013 nagyon dr\u00e1ga. B\u00e1r kaphat\u00f3ak otthoni haszn\u00e1latra sz\u00e1nt k\u00e9sz\u00fcl\u00e9kek is, ezekkel j\u00f3val hosszadalmasabb az elj\u00e1r\u00e1s, mint a kozmetikus, vagy b\u0151rgy\u00f3gy\u00e1sz \u00e1ltal v\u00e9gzett kezel\u00e9sekn\u00e9l. R\u00e1ad\u00e1sul pontosan be kell tartani az el\u0151\u00edr\u00e1sokat, hogy a b\u0151r ne s\u00e9r\u00fclj\u00f6n. T\u00f6bb alkalomra az\u00e9rt van sz\u00fcks\u00e9g, mert a sz\u0151rt\u00fcsz\u0151k egy r\u00e9sze mindig nyugalomban van \u00e9s ciklikusan l\u00e9pnek m\u0171k\u00f6d\u00e9sbe. Napozni a kezel\u00e9s teljes id\u0151tartama alatt tilos.<\/p>","type":"rich","thumbnail_url":"https:\/\/divatlasz.cafeblog.hu\/files\/2016\/03\/17-l\u00e1bak-Dreamstime-134x150.jpg","thumbnail_width":134,"thumbnail_height":150}

Szőrmentén

<h1>Selymesen sima lábak a <a href="https://divatlasz.cafeblog.hu/2016/03/28/szoknya-szemle/" target="_blank">szoknya szezonra</a></h1>
<p>Itt az ideje, hogy megválj téli bundádtól, és szép sima, bársonyos lábakat varázsolj magadnak a szoknya szezonra. Eddig belefért, hogy nem keltél fel 15 perccel korábban, csak hogy leborotváld virgácsaidat. Aztán egész nap bánhattad, hogy szúr a farmer alatt. Ugye, hogy ismered az érzést? Sokféle lehetőség közül választhatsz, hogy megszabadulj a nemkívánatos szőrszálaktól.</p>
[caption id="attachment_212" align="alignleft" width="147"]<a href="https://divatlasz.cafeblog.hu/files/2016/03/16-bőrszerkezet-Dreamstime.jpg"><img class="size-full wp-image-212" src="https://divatlasz.cafeblog.hu/files/2016/03/16-bőrszerkezet-Dreamstime.jpg" alt="Dreamstime" width="147" height="120" /></a> Dreamstime[/caption]
<p>De mi is a szőr? A szőr alkotója a keratin, egy szilárd fehérje, mely a körömben is megtalálható. A bőrben található apró csövecskékből, a szőrtüszőkben található hajhagymákból nő. Eltávolítására alapvetően kétféle módszer létezik: az egyik csak a bőr felszínéről távolítja el a szőrszálakat (ilyen a borotválás és a szőrtelenítő krémek), a másik a bőrből is eltávolítja a szőr teljes hosszát (gyantázás, epilálás, lézeres, vagy villanófényes #szőrtelenítés– ezek tartósabb eredményt biztosítanak). Az eredmény tartóssága ezeken túl a genetikán múlik. Adok néhány tippet, hogy elkerüld a piros pöttyöket és benőtt szőrszálakat:</p>
<h2> </h2>
<h2>Borotválás</h2>
[caption id="attachment_207" align="alignright" width="150"]<a href="https://divatlasz.cafeblog.hu/files/2016/03/17-borotva-Dreamstime.jpg"><img class="size-thumbnail wp-image-207" src="https://divatlasz.cafeblog.hu/files/2016/03/17-borotva-Dreamstime-150x150.jpg" alt="Dreamstime" width="150" height="150" /></a> Dreamstime[/caption]
<p>Választhatsz hagyományos, vagy elektromos borotvák közül. Az csak városi legenda, hogy a borotválás hatására erősebb szőrszál nő vissza, csak a vágási felület élessége miatt szúr.</p>
<p><strong>TIPP</strong>: Előtte zuhanyozz le meleg vízzel, legfeljebb 5 percig, hogy bőröd ne ázzon ráncosra. Használj hidratáló borotválkozó krémet. Ha elfogyott, inkább a hajbalzsamhoz nyúlj, mint a tusfürdőhöz, mert az száríthatja az igénybevett bőrt. A szőr növekedésével <em>megegyező </em>irányba húzd a borotvát, és ne feszítsd meg a bőrt a kezeddel. A borotválás napján kerüld az uszodát, a szaunát, az edzőtermet és a napozást. Legyen saját borotvád, amit csak és kizárólag Te használsz és cseréld körülbelül 10 használat után, lehetőleg 4 vagy 5 pengésre.</p>
<h2> </h2>
<h2>Szőrtelenítő krémek</h2>
[caption id="attachment_210" align="alignleft" width="150"]<a href="https://divatlasz.cafeblog.hu/files/2016/03/17-krém-Dreamstime.jpg"><img class="size-thumbnail wp-image-210" src="https://divatlasz.cafeblog.hu/files/2016/03/17-krém-Dreamstime-150x150.jpg" alt="Dreamstime" width="150" height="150" /></a> Dreamstime[/caption]
<p>Valamivel hosszabb hatású, mivel a szőrt egy picivel a bőr alatt is feloldja, továbbá nem képez éles vágási felületet, így kevésbé szúrósan nő vissza.</p>
<p><strong>TIPP</strong>: Irritációt okozhat, teszteld egy kis bőrfelületen használat előtt. A borotválástól számított 3 napon belül ne használd. Csak az előírt ideig hagyd a bőrödön.</p>
<h2> </h2>
<h2> </h2>
<h2> </h2>
<h2>#Gyantázás</h2>
[caption id="attachment_209" align="alignright" width="150"]<a href="https://divatlasz.cafeblog.hu/files/2016/03/17-gyanta-Dreamstime.jpg"><img class="size-thumbnail wp-image-209" src="https://divatlasz.cafeblog.hu/files/2016/03/17-gyanta-Dreamstime-150x150.jpg" alt="dreamstime" width="150" height="150" /></a> dreamstime[/caption]
<p>Használhatsz hideg gyantacsíkot, meleggyantázó készletet, vagy bízhatod kozmetikusra.</p>
<p><strong>TIPP</strong>: Gyantázáshoz legalább fél centiméteres szőr kell. Ha előtte bőrradírt használsz, kisebb eséllyel nőnek be a szőrszálak. A gyantázás első lépéseként hintőporozd be a lábad, hogy a gyanta ne a bőrödhöz ragadjon, gyantázás után pedig használj olíva olajat, mert ez hidratálja és nyugtatja a bőröd, és segít eltávolítani a ragacsos gyantapöttyöket. Rendszeres használatához hozzászokik a bőr, idővel kevésbé fog begyulladni. A bőr alá nőtt szőrszálakat szedd ki szemöldökcsipesszel.</p>
<h2> </h2>
<h2>#Epilálás</h2>
[caption id="attachment_208" align="alignleft" width="150"]<a href="https://divatlasz.cafeblog.hu/files/2016/03/17-epilátor-Dreamstime.jpg"><img class="size-thumbnail wp-image-208" src="https://divatlasz.cafeblog.hu/files/2016/03/17-epilátor-Dreamstime-150x150.jpg" alt="Dreamstime" width="150" height="150" /></a> Dreamstime[/caption]
<p>Az epilátort használhatod otthon, de könnyen magaddal viheted utazáskor is. A gyártók kínálnak már száraz és nedves bőrre használhatót, masszírozósat, hűsítő funkcióval ellátottat és több sebességfokozatút. Bár több időt vesz igénybe, mint a gyantázás, de már a bőr alól éppen csak kibújt szőrszálakat is elkapja.</p>
<p><strong>TIPP</strong>: a bőröd legyen teljesen száraz és zsírmentes. A szőr növekedésével ellentétes irányban dolgozz, így ragadhatod meg a legrövidebb szőrszálakat is. Előtte használj bőrradírt, a testápolóval viszont várj, míg megnyugszik a bőröd. Inkább estére időzítsd.</p>
<h2> </h2>
<h2>Tartós szőrtelenítés</h2>
[caption id="attachment_211" align="alignright" width="150"]<a href="https://divatlasz.cafeblog.hu/files/2016/03/17-lézer-Dreamstime.jpg"><img class="size-thumbnail wp-image-211" src="https://divatlasz.cafeblog.hu/files/2016/03/17-lézer-Dreamstime-150x150.jpg" alt="Dreamstime" width="150" height="150" /></a> Dreamstime[/caption]
<p>A villanófényes (#IPL) és a #lézeres szőrtelenítési módokkal tartósan elpusztíthatóak a szőrtüszők – azaz örökre elfelejtheted „a mivel is szőrtelenítsek” dilemmáját. Hátránya az ára – nagyon drága. Bár kaphatóak otthoni használatra szánt készülékek is, ezekkel jóval hosszadalmasabb az eljárás, mint a kozmetikus, vagy bőrgyógyász által végzett kezeléseknél. Ráadásul pontosan be kell tartani az előírásokat, hogy a bőr ne sérüljön. Több alkalomra azért van szükség, mert a szőrtüszők egy része mindig nyugalomban van és ciklikusan lépnek működésbe. Napozni a kezelés teljes időtartama alatt tilos.</p>

https://divatlasz.cafeblog.hu/files/2016/03/17-lábak-Dreamstime-134x150.jpg
